greatest common factor of 2624 and 61951?
41
What is the highest common factor of 234 and 39728?
26
What is the greatest common divisor of 533 and 10004?
41
What is the highest common factor of 142158 and 774?
258
What is the greatest common divisor of 40734 and 17739?
657
What is the greatest common factor of 2511 and 34263?
81
What is the highest common factor of 32 and 4408?
8
What is the highest common divisor of 164 and 216562?
82
Calculate the highest common divisor of 109935 and 135.
45
What is the greatest common divisor of 159 and 303?
3
Calculate the greatest common factor of 109538 and 286.
286
What is the greatest common divisor of 1584 and 10604?
44
What is the greatest common divisor of 55841 and 95?
19
Calculate the highest common factor of 53467 and 1.
1
What is the greatest common factor of 276 and 21459?
69
What is the greatest common factor of 11 and 1064569?
11
Calculate the highest common divisor of 278596 and 1446.
482
Calculate the highest common factor of 1148 and 492.
164
What is the greatest common divisor of 6640 and 15770?
830
Calculate the highest common factor of 46778 and 38.
38
Calculate the highest common factor of 837 and 651.
93
Calculate the highest common divisor of 399 and 458717.
133
What is the highest common factor of 266 and 54302?
38
What is the greatest common factor of 454494 and 36714?
1266
Calculate the greatest common factor of 11919 and 3741.
87
Calculate the highest common divisor of 419 and 850151.
419
What is the highest common divisor of 1249840 and 12240?
1360
Calculate the greatest common divisor of 6608 and 2352.
112
Calculate the highest common factor of 217556 and 1644.
548
What is the greatest common factor of 4090 and 700?
10
Calculate the highest common divisor of 134376 and 1496.
88
Calculate the highest common factor of 1122 and 442.
34
What is the highest common divisor of 53 and 1460?
1
Calculate the highest common factor of 1896 and 126.
6
What is the greatest common factor of 226 and 21809?
113
Calculate the highest common divisor of 56481 and 335.
67
Calculate the highest common factor of 257 and 9607431.
257
What is the greatest common factor of 80 and 72880?
80
Calculate the highest common factor of 13197 and 53.
53
Calculate the greatest common factor of 38 and 32965.
19
Calculate the greatest common factor of 690 and 82455.
345
What is the greatest common factor of 31851993 and 489?
489
What is the greatest common divisor of 4891 and 3577?
73
Calculate the greatest common divisor of 1824 and 704.
32
Calculate the highest common divisor of 17222 and 16432.
158
Calculate the highest common factor of 634290 and 210.
30
What is the greatest common divisor of 356769 and 441?
441
What is the greatest common factor of 2268 and 1107?
27
Calculate the greatest common factor of 742412 and 2068.
2068
What is the greatest common divisor of 1161 and 513?
27
Calculate the highest common factor of 25 and 16945.
5
What is the greatest common divisor of 34645 and 327262?
533
What is the greatest common divisor of 27804 and 24?
12
Calculate the highest common divisor of 83349 and 288120.
1029
What is the greatest common factor of 2400 and 2110800?
1200
Calculate the highest common factor of 3052 and 77840.
28
Calculate the greatest common divisor of 675114 and 44.
22
What is the greatest common divisor of 880 and 2090?
110
What is the greatest common factor of 9025 and 34675?
475
What is the highest common divisor of 234 and 18434?
26
What is the greatest common divisor of 6 and 1972?
2
What is the greatest common factor of 43362 and 5346?
594
What is the highest common divisor of 729 and 3555333?
729
What is the highest common factor of 3341 and 3419?
13
Calculate the greatest common factor of 833346 and 402.
402
Calculate the greatest common factor of 60 and 223152.
12
Calculate the highest common factor of 20292 and 138.
6
Calculate the highest common divisor of 2419 and 30208.
59
Calculate the highest common divisor of 67 and 45761.
67
Calculate the greatest common divisor of 192322 and 676.
338
What is the highest common factor of 709952 and 64?
64
What is the highest common divisor of 397116 and 108?
108
Calculate the highest common factor of 254 and 10.
2
Calculate the highest common factor of 14615 and 65305.
185
What is the highest common divisor of 92 and 1242?
46
Calculate the highest common divisor of 8249 and 2825.
113
Calculate the highest common divisor of 2880 and 1808.
16
What is the greatest common divisor of 6531 and 48?
3
What is the highest common divisor of 108500 and 651?
217
Calculate the highest common factor of 871 and 26858.
13
Calculate the greatest common factor of 2654192 and 16.
16
What is the greatest common factor of 3042089 and 719?
719
What is the highest common factor of 633 and 2614079?
211
Calculate the greatest common factor of 10189 and 736.
23
What is the greatest common divisor of 113698 and 156?
26
Calculate the greatest common factor of 428825 and 5525.
425
What is the greatest common divisor of 9 and 330591?
3
What is the highest common divisor of 920907 and 17?
17
What is the highest common divisor of 477 and 165307?
53
Calculate the highest common factor of 20904 and 45084.
156
Calculate the greatest common factor of 349 and 154607.
349
What is the highest common factor of 98765 and 55?
5
Calculate the greatest common factor of 2964406 and 124.
62
What is the greatest common divisor of 24440 and 138320?
520
What is the greatest common divisor of 4394 and 4446?
26
Calculate the highest common factor of 1323 and 20313.
9
Calculate the highest common factor of 425063 and 414.
23
Calculate the highest common divisor of 30 and 38625.
15
What is the greatest common divisor of 76 and 7780?
4
What is the greatest common divisor of 115411 and 16739?
881
Calculate the highest common factor of 132066 and 348.
174
What is the greatest common divisor of 2021 and 1974?
47
What is the highest common factor of 95 and 437285?
95
What is the highest common divisor of 39 and 3043833?
39
What is the greatest common divisor of 105 and 726565?
35
Calculate the highest common divisor of 1427 and 2795493.
1427
What is the highest common divisor of 154 and 308539?
77
Calculate the highest common factor of 957 and 52519.
29
Calculate the greatest common divisor of 120 and 895660.
20
What is the greatest common factor of 397800 and 36?
36
What is the highest common factor of 312 and 21912?
24
What is the highest common factor of 63800 and 132?
44
Calculate the greatest common factor of 941549 and 14.
7
What is the highest common divisor of 203 and 6583?
29
What is the greatest common factor of 25056 and 781434?
1566
Calculate the greatest common divisor of 286 and 192166.
26
Calculate the highest common factor of 424 and 23108.
212
Calculate the highest common divisor of 100061 and 1118.
559
What is the highest common factor of 44 and 1819004?
44
Calculate the greatest common divisor of 29659 and 223.
223
What is the greatest common factor of 14 and 5175926?
14
Calculate the greatest common factor of 5348 and 12224.
764
What is the greatest common divisor of 43440 and 720?
240
Calculate the greatest common divisor of 475275 and 75.
75
What is the highest common factor of 5024 and 259992?
1256
Calculate the greatest common factor of 237 and 29467.
79
Calculate the greatest common factor of 559 and 7052.
43
What is the greatest common divisor of 2033364 and 1160?
116
What is the highest common factor of 2500 and 5458750?
1250
Calculate the greatest common divisor of 6 and 43806.
6
Calculate the highest common divisor of 2106 and 530946.
234
Calculate the highest common factor of 85940 and 200.
20
Calculate the greatest common factor of 7 and 460299.
7
What is the greatest common divisor of 2669 and 238?
17
Calculate the greatest common divisor of 12704 and 96.
32
What is the greatest common factor of 835 and 239812?
167
What is the highest common divisor of 65 and 102740?
5
What is the greatest common factor of 1247 and 29?
29
What is the highest common factor of 2624 and 1600?
64
What is the highest common factor of 128136 and 228?
228
What is the greatest common factor of 80028 and 204?
12
Calculate the highest common factor of 104568 and 24.
24
What is the greatest